 is 3034032 - 244?
3033455
In base 10, what is 418878658 + -1?
418878657
In base 4, what is -232231001 + 1233?
-232223102
In base 7, what is -43661 + -5506?
-52500
In base 10, what is 3 - -2119959?
2119962
In base 12, what is -418bb - -19?
-418a2
In base 15, what is 46633 + 20?
46653
In base 15, what is -150a7d + 76?
-150a07
In base 12, what is -5a7a3 + 8?
-5a797
In base 16, what is 3aef4 + 323?
3b217
In base 15, what is 877c9 + 464?
87c3d
In base 10, what is 456 + -20598?
-20142
In base 2, what is -10101100101000111011011101 - 0?
-10101100101000111011011101
In base 13, what is b9a8 - -115?
bac0
In base 2, what is -11 + 10010011100101001?
10010011100100110
In base 2, what is -1101110110010010000 - -110?
-1101110110010001010
In base 10, what is -39900 + 147?
-39753
In base 12, what is -3 - 2990074?
-2990077
In base 11, what is -944a4867 + 3?
-944a4864
In base 5, what is 12124313314 - -1?
12124313320
In base 15, what is -53e0 - -a?
-53d5
In base 2, what is 11110100000110100 - -1001110000?
11110101010100100
In base 6, what is 100 + 2003405?
2003505
In base 6, what is 423 - -541252?
542115
In base 15, what is b46b - -5455?
118c1
In base 5, what is -133421 + -143222?
-332143
In base 13, what is 2 + 1596b2?
1596b4
In base 7, what is 43026022 - 136?
43025553
In base 8, what is 44 + -15453577?
-15453533
In base 13, what is -11859 + -3562?
-150bb
In base 12, what is -94b8aa + 15?
-94b895
In base 15, what is -6 + -dd1a1?
-dd1a7
In base 9, what is 213 + -627325?
-627112
In base 9, what is 4205460 + 46?
4205516
In base 3, what is 12 - -122002202111010?
122002202111022
In base 9, what is -1060532758 - -1?
-1060532757
In base 14, what is 13387438 - -2?
1338743a
In base 15, what is -19bdcc - 1d?
-19bdea
In base 14, what is 668372d - 4?
6683729
In base 12, what is -62 - -10162?
10100
In base 14, what is 300 + -101b2?
-dcb2
In base 6, what is 54044311 - 42?
54044225
In base 11, what is -2256450 - 5?
-2256455
In base 11, what is 84 - -403116?
40319a
In base 10, what is 424404 - 846?
423558
In base 8, what is 7 - 2223406?
-2223377
In base 8, what is -174767700 + 2?
-174767676
In base 14, what is -4 - 465162?
-465166
In base 5, what is 3 + -1214114010?
-1214114002
In base 2, what is 100011000 - 1011100001010110000?
-1011100000110011000
In base 9, what is 80 - 222873?
-222783
In base 5, what is 22442412422 + 1?
22442412423
In base 12, what is 8b + -87a9b7?
-87a928
In base 8, what is -12242 + -76?
-12340
In base 4, what is -1022330033010 - 2?
-1022330033012
In base 2, what is 0 + 10001011111110000111010010?
10001011111110000111010010
In base 12, what is 6329 - -759?
6a86
In base 16, what is -b31 + -5e16?
-6947
In base 15, what is -116164 + -2?
-116166
In base 7, what is -14346 - 1145?
-15524
In base 11, what is 110163 - -179?
110331
In base 16, what is -8ddf5 - e2?
-8ded7
In base 16, what is 70ba3 + -1a1?
70a02
In base 6, what is 2 - 42403413?
-42403411
In base 6, what is 2144442 + 23?
2144505
In base 4, what is -2313 - 3333203?
-10002122
In base 4, what is 32112 - 13301112?
-13203000
In base 3, what is -1012120220022011 + 11?
-1012120220022000
In base 4, what is 33031010331 - -11?
33031011002
In base 4, what is -2313210332220 + 3?
-2313210332211
In base 9, what is -1450064 - -288?
-1448665
In base 14, what is -32a285b - -1b?
-32a2840
In base 8, what is 56565237 + 0?
56565237
In base 6, what is 333 + -4125102?
-4124325
In base 5, what is 4224412 + 20?
4224432
In base 9, what is -3638 - 1525?
-5264
In base 15, what is -727 - b0ac?
-b7d4
In base 13, what is -226 + 6b63?
693a
In base 13, what is -43 - 740782?
-7407c5
In base 15, what is -c35d11 + 1e?
-c35ce2
In base 7, what is 5 + -61345650?
-61345642
In base 16, what is 8 - 10a6842?
-10a683a
In base 2, what is -11111010110010011110011100 + 10?
-11111010110010011110011010
In base 10, what is -25977 + -241?
-26218
In base 16, what is -90b8aa - 0?
-90b8aa
In base 13, what is -8ca8 - -181b4?
c209
In base 8, what is -5176 + 1034?
-4142
In base 16, what is -2 + -7bf2d4?
-7bf2d6
In base 8, what is 2212622103 - 0?
2212622103
In base 8, what is 2 - -405107562?
405107564
In base 6, what is 214004143 - -1440?
214010023
In base 4, what is -1020021200331 - 11?
-1020021201002
In base 2, what is -1011101111001101101100111100 - -10?
-1011101111001101101100111010
In base 13, what is 8a478 + -3a?
8a43b
In base 12, what is -a2 - -5a776?
5a694
In base 15, what is -1ec + 30dd?
2de1
In base 11, what is -719 - 11a631?
-12024a
In base 15, what is b - 1c1d981?
-1c1d975
In base 15, what is 167 + 5242?
53a9
In base 9, what is -72730 - -33?
-72686
In base 13, what is 12765b4 + 32?
1276616
In base 14, what is c + 7486a5?
7486b3
In base 6, what is -1005521 - -400?
-1005121
In base 12, what is -363a + -57?
-3695
In base 11, what is 1 - 979395a0?
-9793959a
In base 10, what is -18045891 + 5?
-18045886
In base 16, what is 6 - 3afb1?
-3afab
In base 4, what is 3201013301 - 330?
3201012311
In base 10, what is 37 - -429900?
429937
In base 13, what is -17 + -1645a1a?
-1645a34
In base 14, what is -1d0 + 7323?
7133
In base 8, what is -305347 + -16?
-305365
In base 6, what is 22 - -1043431?
1043453
In base 7, what is 11 - -366654?
366665
In base 5, what is -10003344 - -2131?
-10001213
In base 9, what is 5 - -61857436?
61857442
In base 11, what is -3a484a + 12?
-3a4838
In base 5, what is 1143 + -1033423010?
-1033421312
In base 11, what is 5139044 - 7?
5139038
In base 7, what is 13614461 + 36?
13614530
In base 8, what is -133055 + -3133?
-136210
In base 15, what is -6 + 304490a?
3044904
In base 13, what is -b + -1b8a28?
-1b8a36
In base 6, what is 4 - 1343143242?
-1343143234
In base 11, what is -47299019 + 3?
-47299016
In base 2, what is -1001000001000001101101 + -11001?
-1001000001000010000110
In base 6, what is 4 + 1101133351?
1101133355
In base 7, what is 5550 + -1312?
4235
In base 5, what is -12113201 + -102013?
-12220214
In base 12, what is 127929 - -2b0?
128019
In base 15, what is 3b7e8e + 199?
3b8138
In base 6, what is 12012 - 404?
11204
In base 13, what is 829399a - -2?
829399c
In base 15, what is -150a25a3 - -3?
-150a25a0
In base 4, what is -23001301211 - -112?
-23001301033
In base 2, what is -10011100000111101000000 + 10?
-10011100000111100111110
In base 16, what is 3ee6aee0 - -3?
3ee6aee3
In base 7, what is 30053 + -34213?
-4130
In base 6, what is 35 - -1005304355?
1005304434
In base 16, what is e707 + 86?
e78d
In base 10, what is 3 - 3736836?
-3736833
In base 6, what is 14 - 13234550?
-13234532
In base 14, what is 151d + -2648?
-1129
In base 12, what is 4 + 4362b60?
4362b64
In base 16, what is -10fd2 - 58?
-1102a
In base 13, what is -105017a - -1?
-1050179
In base 11, what is 89 + 416486?
416564
In base 6, what is -11244 - 301552?
-313240
In base 3, what is 201 - 1022020020102221?
-1022020020102020
In base 10, what is -4582 + -3015?
-7597
In base 10, what is 236 + -602393?
-602157
In base 9, what is -2136 + -142322?
-144458
In base 16, what is 2a03d387 + -4?
2a03d383
In base 6, what is 20123531 - 2301?
20121230
In base 14, what is 146 + 9466a?
947b2
In base 14, what is -7327 + -dd1?
-8318
In base 16, what is 1df18 - -48?
1df60
In base 8, what is -42 - -207046?
207004
In base 6, what is -122552 - -52?
-122500
In base 14, what is 816d14c + 2?
816d150
In base 13, what is -2c972c0 - 1?
-2c972c1
In base 14, what is 3 - -20c3d0ca?
20c3d0cd
In base 3, what is 121210122 + 220120?
122201012
In base 2, what is -100110000111011 + 1001111010?
-100100111000001
In base 3, what is -12200000012110002 - 0?
-12200000012110002
In base 3, what is 2010000001010011011 - 2?
2010000001010011002
In base 4, what is 1102323311310 - -11?
1102323311321
In base 2, what is -1011011101000110 + 10110011101?
-1011000110101001
In base 12, what is 26087 + 16?
260a1
In base 11, what is 5 - -528672?
528677
In base 7, what is 5421 - -23036?
31460
In base 10, what is -1180 + 28047?
26867
In base 4, what is -231131212 + -30?
-231131302
In base 4, what is -11 + -31232021303321?
-31232021303332
In base 7, what is 25114642 + -1456?
25113153
In base 9, what is -3335 - -35532?
32186
In base 6, what is 1303 + -23200112?
-23154405
In base 5, what is 2322204412403 - 4?
2322204412344
In base 5, what is -4203141120 + 0?
-4203141120
In base 9, what is 4452812 - -4?
4452816
In base 13, what is 1a